).
34
Let w(j) be the third derivative of j**4/24 - j**3/3 + 2*j**2 - 95*j. Let p be 14/4*(-384)/(-168). Determine w(p).
6
Let a(z) = -73*z**2 + 28*z - 8. Let m(d) = -128*d**2 + 49*d - 14. Let b(n) = -7*a(n) + 4*m(n). Let k be (2/3)/(2/(-12)). Determine b(k).
-16
Let f(b) = -3*b**2 + 37*b + 14. Let t be f(13). Let g(j) = -143*j**2 + 288*j**2 + 0 - 144*j**2 + 13*j + 1 + 1. What is g(t)?
-10
Let c(k) = -21*k**3 - 1. Let h(z) = 22*z**3 + 1. Let a(t) = -7*c(t) - 6*h(t). Let l = -53426 + 53425. What is a(l)?
-14
Let n(w) = 4*w - 97. Let y(f) = 3*f - 65. Let r(g) = 5*n(g) - 8*y(g). Let b be r(10). Let i = 1 + b. Let u(s) = s**3 + 5*s**2 + s + 1. Calculate u(i).
13
Let z(b) = -2*b. Let p(o) = o. Let m(q) = 5*p(q) + 2*z(q). Suppose x - 4*h + 15 - 38 = 0, -3*h = 6. Suppose g = -4*g + x. Give m(g).
3
Let s(z) = 4*z - z**3 + 42 - 98 + 0*z - 8*z + 42. Give s(-2).
2
Let x = -26 + 79. Let y(d) = 4*d + 59. Let r be y(0). Let t = x - r. Let m(g) = g + 6. Give m(t).
0
Let s(n) = 17*n + 10. Let f(g) = 20*g + 11. Let i(w) = 3*f(w) - 4*s(w). Let y(c) = -18*c - 16. Let b(v) = -7*i(v) + 3*y(v). Give b(-2).
-3
Let i(t) = -2*t**2 - 25*t**2 + 2*t**3 - 43*t**2 + 5 + 12*t**2. Determine i(29).
5
Let i = 1064 - 1070. Let r(y) = -8*y + 18*y - 5 + y - 7*y. Calculate r(i).
-29
Let k(x) = 8*x**3 - 45*x**2 + 83*x - 20. Let h(g) = 15*g**3 - 90*g**2 + 156*g - 40. Let j(t) = -6*h(t) + 11*k(t). Give j(22).
-2
Suppose 0 = 4*b - 3*m + 15, -b - 17 = 4*b - 2*m. Let w(s) = -4*s + 1 + s + 1526*s**2 - 1527*s**2. What is w(b)?
1
Suppose -3*i - 16*g = -20*g + 12, -4*g = -2*i - 16. Let m(j) = -j**2 + 9. What is m(i)?
-7
Suppose -21*g = -3*y - 26*g + 34, y + 2*g = 14. Let r(o) = -4*o**3 + 3*o**2 + 2*o - 6. Determine r(y).
34
Let h(w) = -7*w**2 + 4*w + 5. Let m(y) be the first derivative of -3*y**3 + 2*y**2 + 4*y - 46. Let l(x) = -4*h(x) + 3*m(x). Calculate l(5).
-3
Suppose -4 = -n - 3*g, -n + g = -4*g - 4. Let v be (26/(-39))/(n/(-42)). Suppose 5*k + 4 + v = 2*a, 4*k - 8 = -4*a. Let j(o) = -6*o. Give j(k).
6
Let w be 50/18 - (-6)/27. Suppose w*g - 6 = 5*g. Let z(j) be the first derivative of j**2/2 - j - 12. Give z(g).
-4
Suppose -4*b = c - 4*c + 2, -2*c + 3*b = -1. Let m(q) = 2*q**2 - 2*q**2 - 17*q + 18*q + 7*q**c. Suppose 2*l = 4*i + 2, -4*l + 5 - 6 = -3*i. Determine m(l).
6
Suppose -36*k + 171 = -81. Let t(n) = -n - 10. Determine t(k).
-17
Suppose 10*x + 5 = 85. Let d be (-14)/x*(-16)/4. Let u(a) = 16*a - 15. Let j(c) = -11*c + 10. Let p(l) = d*j(l) + 5*u(l). Determine p(-4).
-17
Let o(z) = z + 1. Suppose x - 4*x + s - 419 = 0, 4*x = 3*s - 557. Let l be (x/14)/(5/(-2)). Suppose 113*a + l = 111*a. Determine o(a).
-1
Let d(c) = 6*c - 9. Suppose -20 = -5*v, -4*v + 6 = 4*q + 2. Calculate d(q).
-27
Let m(j) = -j**2 + 4*j + 12. Let t = -25745 + 25743. What is m(t)?
0
Suppose -2*z - 18 = -5*r, 0*z = 4*r + 3*z + 4. Suppose -4 - 21 = 5*a, -2*w = r*a - 6. Let g(u) = -u + 1. Give g(w).
-7
Let n(h) = -h**3 + 7*h**2 + h + 7. Let x = 14 - 12. Suppose -x*a + 0*a = 0. Suppose 0 = k - 1, 5*l = 2*k - a*k + 33. Give n(l).
14
Let z(n) = -2*n - 5. Suppose 7*j + 529 = -668. Let q = j + 166. Determine z(q).
5
Let j(x) = 4*x + 1. Suppose -19 = -9*w - 10. Suppose -s - w = -2*d, -10*d + 8*d = s - 7. Determine j(s).
13
Suppose 23*p - 41 - 51 = 0. Suppose -p*r + 25 = 29. Let d(u) be the first derivative of -3*u**4/4 - 2*u**3/3 - u**2/2 - 2. Calculate d(r).
2
Suppose 0 = 3*p - 4*b + 16 + 186, -3*p + 2*b - 200 = 0. Let v = p - -68. Let o(w) = 51*w**2 + 10 - w**3 - 10*w - 21*w**2 - 20*w**v. Calculate o(9).
1
Let m(p) = -62*p**2 + 13*p - 16. Let q(t) = -16*t**2 + 3*t - 4. Let k(n) = 3*m(n) - 11*q(n). What is k(4)?
-140
Let h(d) = 3 - 7*d**2 + 0*d - 348*d**3 - d + 171*d**3 + 180*d**3. Determine h(3).
18
Suppose 214 = -f + 229. Suppose 6*r - f = 11*r. Let l(k) = k**3 + 3*k**2 + k - 1. Determine l(r).
-4
Let d(x) = 20*x**2 + 2 - 86*x**2 - 2*x + 29*x**2 + 31*x**2 - x**3. What is d(-5)?
-13
Let m(t) = t**3 + 11*t**2 + 9*t - 1. Suppose -g = -5, g = -3*w + 4*g + 765. Suppose -4*y = -30*y - w. Determine m(y).
9
Let x be (-47)/(-9) + 8/(-36). Let g be (3 - 3) + (1 - x). Let f(l) be the first derivative of 2*l**2 + 2*l - 423. Give f(g).
-14
Let a(i) = -2*i - 1. Let n be a(-1). Let u(b) = 5*b**2 + 10*b + n - 3*b**2 - b**2. Let v = -1093 + 1083. Give u(v).
1
Suppose t - 7 = -0*t - 5*y, 5*t = 5*y + 5. Let i(w) = -4 - 13*w**2 - 14*w**2 - 13*w**t + w + 39*w**2. Calculate i(4).
-16
Let i = -4306 - -4321. Let y(c) = -2*c**2 + 29*c + 8. What is y(i)?
-7
Let z(w) = 3*w + 4. Suppose s + 5*i = 30, -30 = 6*s - 11*s - i. Suppose s*y - 20 = 10*y. Calculate z(y).
-8
Let u(b) = -5*b - 11. Let o be u(-3). Let d(j) = -292*j**2 + 293*j**2 + 3*j - o*j - 51. Give d(0).
-51
Let b(i) = 44*i**2 - 6*i - 5. Suppose -3*j = 4*v - 20, -2*v - 26 = -31*j + 28*j. What is b(v)?
45
Suppose -3*r + 5*r = 12. Let t(g) = -32*g**3 + 10*g**2 - 6*g + 15. Let f(y) = -19*y**3 + 5*y**2 - 4*y + 8. Let c(z) = -5*f(z) + 3*t(z). Determine c(r).
-19
Let n be ((-928)/(-812) + (-8)/14)*7/2. Let k(y) = 4*y**2 - 8*y - 6. What is k(n)?
-6
Suppose -3*g - 9 = 5*i, -4*i - 90 = -3*g - 72. Let j be (g - -1)*(20 + -19). Let y(r) = -4*r + 8. Calculate y(j).
-4
Let k(s) = -s**2 - 58*s - 811. Let v be k(-34). Suppose -g - 8 = -3*u, -u = 3*g + 2 - 8. Let m(i) = 4*i**2 - 7 + 2 - i**u + 3*i + 4*i. Determine m(v).
5
Suppose 201 = -35*h - 44. Let q(x) = -x**3 - 4*x**2 + 17*x + 6. Calculate q(h).
34
Let d(w) = -12*w - 6. Let n be ((-51)/255)/(2/10). Calculate d(n).
6
Let l(q) = -25*q**3 + 45*q**3 - 19*q**3 - 3*q + 16 - 11*q**2 - 13*q. Give l(12).
-32
Let u(s) = s + 2. Let n(x) = -2*x - 4. Let o(f) = -3*n(f) - 7*u(f). Let r(i) = -2*i - 16. Suppose -117*j - 24 = -114*j. Let p be r(j). Give o(p).
-2
Let o(b) = -4*b**2 + b + 1. Let h be o(-1). Let l(w) = -2*w**2 + w. Let m(d) = 10*d + 7*d**2 - 7*d - 3*d - 2. Let z(y) = -3*l(y) - m(y). Calculate z(h).
-2
Let q(n) = 41*n**2 + 23*n + 4 - 22*n - 19*n**2 - 21*n**2 - 1. Let z(t) = t**2 + t + 2. Let u be 7/(-3) + 2/(-3). Let o(j) = u*q(j) + 5*z(j). What is o(-1)?
1
Let y(d) = d**3 - 31*d**2 - 36*d - 37. Let c(t) = 2*t**3 - 62*t**2 - 71*t - 64. Let m(w) = 4*c(w) - 7*y(w). Give m(32).
3
Let j(b) = -8*b**2 + 49*b + 50. Let q be j(7). Let u(s) = -30*s**2 - s + 1. Calculate u(q).
-30
Let p = 107 + -105. Suppose -s = -p*z + 4 - 0, -3*z + 3*s = 0. Let j(n) = -z - 4*n - n**2 + 9 + 4 - 4. Determine j(-6).
-7
Let f(a) = -16*a - 20. Let z(w) = 1. Let q(j) = -f(j) - 6*z(j). Let b(i) = -7*i - 7. Let o(d) = -9*b(d) - 4*q(d). Give o(11).
-4
Let y = 266 - 182. Let r be (21/14)/(18/y). Let j(i) = -i**2 + 5*i + 7. Determine j(r).
-7
Let n(c) be the first derivative of -16*c + 117 - 1/2*c**2. What is n(-11)?
-5
Let s = 136 - 145. Let c be 0 - s - (14 - (2 + 11)). Let a(b) = -2*b**2 + 11*b - 4. Determine a(c).
-44
Let c(h) be the third derivative of -h**4/24 + 3*h**3 - 2972*h**2. Give c(-5).
23
Let f(u) = 2 - 1 + 0 + 7*u. Suppose 5*r = 2*r + 6. Let d(i) = 2*i**3 - 10*i**2 + 11*i + 4. Let j be d(r). Give f(j).
15
Suppose r + 14 = 16. Let u(j) = 3*j**2 + 2*j - j**3 + 6*j**2 + 1 - 7*j**2 + j**2. Calculate u(r).
9
Let v(u) = 2*u - u**2 - u + 2*u - 2*u + 10. Let g = -17 - -18. Let q be (-1 - -1)/(g/(-1)). Calculate v(q).
10
Suppose 10*s = 5*r - 85, -7*r = s - 9*r + 4. Let b(g) = g**3 + 10*g**2 - 2. Give b(s).
-2
Let h = 1 + -2. Let b(x) be the third derivative of x**4/24 - x**3/3 + 58*x**2. Let p(j) = -2*j + 9. Let d(i) = 4*b(i) + p(i). Determine d(h).
-1
Let t be (4 - -1)/(-4*5/(-100)). Suppose -5*s + 30 = -j, 0 = -5*s + s + j + t. Let d(o) = -4 + o**3 + 4 + s*o**2 + 0. What is d(-4)?
16
Let i(a) = 78*a**2 - 124*a - 109. Let g(f) = 14*f**2 - 25*f - 22. Let d(m) = -11*g(m) + 2*i(m). What is d(-17)?
143
Let d(m) = m + 4. Let g be ((-5)/(-3) + 0)*(-55 - 38). Let w = g - -149. Calculate d(w).
-2
Let f(r) = 27*r**2 - 79*r + 98. Let k(w) = -5*w**2 + 13*w - 16. Let z(a) = 2*f(a) + 13*k(a). Give z(1).
-12
Let t(a) = -201 + 81 + 78 - 29*a + 65 + 4*a**2. Determine t(8).
47
Let y(o) = -6*o + 3. Suppose -254 = -2*m - 3*v - 90, m - 3*v - 73 = 0. Let d = 82 - m. Suppose d*b - 23 + 17 = 0. Give y(b).
-9
Let w(l) be the first derivative of -l**2/2 + 10*l + 9600. Suppose 0 = -8*u + 3*u - z + 30, -5*u + 50 = 5*z. Give w(u).
5
Let u(v) = -6*v**3 + 20*v**2 + 14*v - 90. Let f(w) = w**3 - 2*w + 1. 